- 274, -t - 4*u + 194 = 0. What are the prime factors of t?
2, 97
Let v(i) = 11*i - 9. Let j(l) = 17*l - 14. Let p(b) = -5*j(b) + 8*v(b). Let n(w) = w**3 - 9*w**2 - w + 12. Let s be n(9). What are the prime factors of p(s)?
7
Let m = 30 - -9. List the prime factors of m.
3, 13
Let o(p) = -p**2 + p - 1. Let d be o(0). Let r be (0/d)/(3 - 5). Suppose 2*z - 25 - 1 = r. What are the prime factors of z?
13
Let y be 2 - (2/1 + 0). Suppose -4*p = -3*o - 34, 10 = 2*p + 4*o + 4. Let c = p + y. What are the prime factors of c?
7
List the prime factors of (0 + -15)*(3 + (-5 - -1)).
3, 5
Let x(k) = 3*k**3 + k + 1. Let v = 8 - 9. Let b be x(v). List the prime factors of 13/2 + b/(-6).
7
What are the prime factors of (-45 + -4)*(2 - (-64)/(-14))?
2, 3, 7
Suppose -3*a + j = -144 + 52, 5*a - j = 150. Let u = a - 15. What are the prime factors of u?
2, 7
Let v(o) = o**3 - 5*o**2 - 3*o - 3. What are the prime factors of v(6)?
3, 5
Suppose -2*d + 2 = 28. Let b = -7 - d. What are the prime factors of (b + -2 + 2)/1?
2, 3
Let n(m) = m**2 - 17*m - 16. What are the prime factors of n(21)?
2, 17
Let w(c) be the first derivative of 3*c**2/2 + 3*c - 10. What are the prime factors of w(9)?
2, 3, 5
Suppose 0 = -0*v + 3*v + 4*u - 70, -2*v = 3*u - 47. Suppose -d + 3*a + v = 0, -3*d + 118 = d + 3*a. Suppose r - d = -3*r. What are the prime factors of r?
7
Suppose 0 = 2*d - 0 - 6. List the prime factors of 6*3/6*d.
3
Suppose 2*r = -3*r + 30. Suppose 2*g + r*n - 5*n = 64, -n = -2*g + 56. What are the prime factors of g?
2, 3, 5
Let q(n) = -n**3 + 6*n**2 + 6*n - 6. List the prime factors of q(6).
2, 3, 5
Suppose 3*c + 13 = 2*f, -f - f + 1 = c. Suppose n = -s - 4 + 1, 3*s - 2*n - 11 = 0. List the prime factors of ((-1)/s)/(f/(-24)).
2, 3
List the prime factors of 77 - (-2 + 1 + 1).
7, 11
Suppose m + 0*m = 0. Let h = m + 5. List the prime factors of h.
5
Let p(h) = h**2 + h - 1. Let i be p(5). Let c = i - 16. List the prime factors of c.
13
Let m = -8 + 19. Let y be 1/(1/m*1). Let p = -7 + y. What are the prime factors of p?
2
Let p(j) = -5*j - 29. List the prime factors of p(-15).
2, 23
Let z = 4 + -1. Suppose 25 - 1 = z*r. What are the prime factors of r?
2
Let n = -2 - -3. Let w(x) = 17*x**3 + x**2 - 2*x + 1. What are the prime factors of w(n)?
17
Let o(t) = t**3 + 7*t**2 + t - 7. Let g(i) = -i**3 - 6*i**2 + 6. Let m(z) = -4*g(z) - 3*o(z). Let r be m(3). List the prime factors of (-3)/(-6) + r/4.
11
Suppose -5*l = -4*n + 122, 3*l = -0*n + n - 27. What are the prime factors of n?
3, 11
Let z(w) = 91*w**2 - 4*w - 3. What are the prime factors of z(-1)?
2, 23
Suppose 0 = -2*t - 37 - 11. Let n = 46 + t. What are the prime factors of n?
2, 11
Suppose -2*l + 4*t = -38, 3*l - 5*t = 8 + 46. List the prime factors of l.
13
Suppose 1 + 9 = 2*v. Suppose 5*y - 4*y = v. Suppose -y*w = 5*f - 13 + 3, 14 = f - 2*w. List the prime factors of f.
2, 3
Suppose -3*s = -2*s - 2*i, -i = -4*s + 14. Suppose z + b = 7, 2*z - s*b - 10 = 22. List the prime factors of z.
2, 5
Let l = 360 + -189. What are the prime factors of l?
3, 19
Suppose 0 = 2*d - 0 - 8. Suppose 2*m = -3*m + 3*u + 39, d*u - 53 = -5*m. What are the prime factors of m?
3
Let z be 3 - (4 - 3)*1. Let s(x) = 5*x**2 - 2*x + 3. List the prime factors of s(z).
19
Let v = 5 + 8. Suppose -2*j = -6*j - 16. Let k = v + j. List the prime factors of k.
3
Let x be 1/(-2) + 11/2. Let v(r) = 5*r - 4*r - x + 3*r. What are the prime factors of v(4)?
11
Suppose 0 - 5 = -c. Suppose -2*i + 5*s = -25, -5*s - c = -4*i + 20. Suppose i = -2*u + 12 + 18. What are the prime factors of u?
3, 5
Let h = 3 + -5. Let a be (-16)/2*(1 + h). Suppose 2*m - 4 - a = 0. What are the prime factors of m?
2, 3
Let j(d) = d**3 - 4*d**2 - 2*d - 6. What are the prime factors of j(6)?
2, 3
Let y = -18 + 8. What are the prime factors of (4/10)/((-2)/y)?
2
Let c = -154 - -307. List the prime factors of c.
3, 17
Let n(m) = -m**3 - 3*m**2 + 3*m + 1. Let o = -19 - -14. List the prime factors of n(o).
2, 3
Suppose -5*k + 528 = 7*k. List the prime factors of k.
2, 11
Suppose 5*v + 2*v = 98. List the prime factors of v.
2, 7
Let x(q) = 4*q + 68. List the prime factors of x(-16).
2
Suppose 0 = -2*p + 4*n + 26, 0 = -4*p + 3*n + 58 + 9. What are the prime factors of p?
19
Suppose 3*x = 5*u - x - 863, 0 = -3*u - 4*x + 505. What are the prime factors of u?
3, 19
Suppose 2*r + 4 = 4*r. Suppose -3*u + 10 = r*u. What are the prime factors of u?
2
Suppose k + 24 = 2*n + 3*n, -4*n + 3*k + 17 = 0. Suppose n*q - 7*q = -86. List the prime factors of q.
43
Suppose -3*c = -7*c + 16. Let d(i) = -i**3 + 5*i**2 - 2*i - 3. What are the prime factors of d(c)?
5
Let v(j) be the first derivative of -j**4/4 - j**2/2 + 57*j - 1. Let h be v(0). Suppose -2*k - 28 = -4*b, 4*b - h = -b - 3*k. List the prime factors of b.
3
Suppose 2*x - 27 = 33. What are the prime factors of x?
2, 3, 5
Let l be 5/2 + 2/(-4). Suppose -3*r - l*r = 0. Let h = 7 - r. What are the prime factors of h?
7
List the prime factors of ((-2565)/(-30))/(2*(-6)/(-16)).
2, 3, 19
Let x(c) = c**3 + 2*c**2 - 3*c + 4. Let j be x(-3). Suppose 0 = b + 4*g + 12, -g - 20 = -5*b + j. List the prime factors of b.
2
Let v(f) = -f**3 - 10*f**2 + 12*f + 12. Let q be v(-11). Let a(w) = 37*w**2 + 2*w - 1. What are the prime factors of a(q)?
2, 19
Suppose 204 + 406 = 5*k. What are the prime factors of k?
2, 61
Suppose 7*k - 3*k = 104. List the prime factors of k.
2, 13
Suppose -2*g + 36 = -2*p, 2*p = -3*g - 2*p + 54. Suppose 0*n = 2*n - g. List the prime factors of n.
3
Suppose 0 = -5*w + 1 + 9. Suppose -i - 64 = -3*s, 5*s + w*i - 106 = 4*i. List the prime factors of s.
2, 11
Let u(o) = -o**3 + 4*o + o**2 + 0*o**3 - 3*o - 3*o**2. List the prime factors of u(-4).
2, 7
Suppose 2*b - 2*j + 26 = 0, 39 = -3*b - 4*j + 2*j. Let g = 24 + b. Let q = -6 + g. What are the prime factors of q?
5
Suppose -2*o + 178 = -2*w + 5*w, 2*w = -4*o + 364. List the prime factors of o.
2, 23
Suppose 0 = 4*t + 5*b + 7, -5*t - 4*b = b + 5. Let h be ((-2)/(-6))/(3/18). Suppose 4*w = -h*m + 26 + 26, 0 = t*w - 4*m - 26. List the prime factors of w.
13
Suppose -4*d + 13 = x, 0*d = -5*d + x + 14. Suppose 93 = d*h - 42. Suppose 5*r - 41 = 3*b, 3*r = 2*b - 7*b + h. What are the prime factors of r?
2, 5
Let p = -4 + -3. Let m(d) = -d**2 - 8*d + 2. Let g be m(p). List the prime factors of 24*1*6/g.
2
Suppose 248 = 4*m + 4*z, -3*m + 3*z + 192 = -0*m. What are the prime factors of m?
3, 7
Suppose -b = 4*b - 105. What are the prime factors of 308/b*3/2?
2, 11
Let m(o) = 70*o - 34. What are the prime factors of m(4)?
2, 3, 41
Let h be (-4 - -2)*(-16)/8. Suppose 2*k - h*n = 32, -3*n + 2*n - 4 = 0. What are the prime factors of k?
2
List the prime factors of 213/9 + 4/12.
2, 3
Let j be (1/(-3))/(1/(-9)). Suppose 0 = j*g - 4*t - 18 - 47, 0 = -2*g - 2*t + 20. What are the prime factors of g?
3, 5
Let x(k) = k**2 - k. Let c(t) = -6*t**2 + 18*t. Let g(m) = 2*c(m) + 36*x(m). List the prime factors of g(-1).
2, 3
Let a(y) = -3*y. Let k be a(-2). Let q be ((-3)/(-2))/(2/(-4)). Let z = k + q. List the prime factors of z.
3
Suppose 3*r = 88 - 28. Let l be (-2)/5 + 58/(-5). Let z = l + r. What are the prime factors of z?
2
Suppose -2*w = -5*w + 5*o + 34, 8 = -4*o. Let x be (2/w)/((-2)/(-8)). Suppose -5*l + z + 68 = 0, 3*z + 8 = -x. What are the prime factors of l?
13
Let m = 30 + 3. What are the prime factors of m?
3, 11
Suppose 0 = -4*i - 2*w - 4, 0 = 2*i - w + 3*w + 2. Let v = 2 + i. What are the prime factors of 8 - 3*v/3?
7
Let r be 13 - ((3 - 1) + -3). Suppose 0 = -0*s - 2*s - r. Let g = -3 - s. List the prime factors of g.
2
Suppose 3*a - 4 - 26 = 0. Let g = -7 + a. What are the prime factors of g?
3
Let s(p) = -33*p**3 - 2*p**2 - p. Let j = 15 - 16. List the prime factors of s(j).
2
Suppose 18 = n + 2*n. Let m = 7 - n. What are the prime factors of m/1*(9 + 2)?
11
Let k be (-2)/((-2 - 2)/8). Suppose 5*s + 20 = d - k, -4*s - 12 = d. What are the prime factors of d?
2
Let a(w) = w**2 - 4*w + 5. Let b be a(4). Suppose 3*c - 3*m = 33, 19 = c - 0*c - b*m. List the prime factors of c.
3
List the prime factors of -3 + (-1 + -22)*-7.
2, 79
Suppose -11*n - 50 = -13*n. What are the prime factors of n?
5
Let b(c) = -11*c + 3. Let w = -13 + 9. What are the prime factors of b(w)?
47
What are the prime factors of -2